at is the highest common divisor of 11263811 and 9412?
2353
Calculate the greatest common factor of 798 and 330871548.
798
Calculate the greatest common factor of 658 and 26222287.
329
Calculate the highest common factor of 25991 and 175169.
47
What is the greatest common divisor of 130 and 1423120?
10
What is the highest common divisor of 122444435 and 685?
685
Calculate the greatest common divisor of 40205470 and 2370.
790
What is the greatest common divisor of 14375 and 47250?
125
Calculate the greatest common divisor of 11394 and 1362216.
1266
What is the greatest common factor of 9158693 and 939?
313
What is the highest common factor of 36 and 1258677828?
36
Calculate the highest common factor of 275734863 and 186.
93
Calculate the greatest common divisor of 240 and 20242440.
120
Calculate the greatest common factor of 354790823 and 61.
61
What is the highest common divisor of 434090 and 129065?
415
What is the highest common factor of 19621712 and 176?
176
What is the highest common divisor of 51208054 and 12?
2
What is the greatest common divisor of 5382 and 32739642?
234
What is the highest common divisor of 256932 and 6669?
351
Calculate the greatest common divisor of 12821712 and 2784.
1392
Calculate the highest common factor of 552594 and 438641.
1561
Calculate the highest common factor of 153010347 and 231.
21
Calculate the greatest common factor of 5065138 and 1014.
26
What is the greatest common factor of 8598088 and 324?
4
What is the highest common divisor of 66 and 104119290?
66
What is the highest common divisor of 282 and 87552681?
141
Calculate the highest common divisor of 1367429 and 1309.
119
Calculate the highest common factor of 47168 and 1366934.
134
What is the highest common divisor of 1269 and 2313522?
27
Calculate the greatest common factor of 115627 and 1306727.
43
Calculate the highest common divisor of 3960780 and 48192.
3012
What is the highest common divisor of 220 and 2542115?
5
What is the highest common factor of 2435252 and 16828?
2404
Calculate the highest common divisor of 17370 and 500346.
18
What is the highest common divisor of 352316493 and 265?
53
What is the greatest common divisor of 4176687560 and 20?
20
What is the greatest common factor of 54418 and 31430?
14
Calculate the greatest common divisor of 1344933 and 261.
261
Calculate the greatest common factor of 653173 and 250729.
1597
What is the highest common divisor of 253057 and 12964?
7
Calculate the greatest common factor of 70808840 and 840.
40
Calculate the highest common factor of 13720720 and 60.
20
What is the greatest common factor of 25014650 and 3400?
850
What is the greatest common factor of 12954 and 1759458?
762
What is the highest common factor of 160255784 and 2379?
793
What is the highest common divisor of 7000 and 26810875?
875
What is the greatest common factor of 2369771628 and 21?
21
What is the highest common factor of 11003327 and 20041?
409
What is the highest common divisor of 4763962 and 504?
14
Calculate the greatest common factor of 4755 and 137775.
15
What is the greatest common divisor of 2421923 and 376418?
1127
What is the greatest common divisor of 14 and 13871158?
14
What is the greatest common divisor of 1802 and 1798059026?
1802
Calculate the greatest common divisor of 872041120 and 80.
80
What is the greatest common factor of 677898 and 2317600?
5794
What is the highest common factor of 163240 and 531496?
56
What is the highest common divisor of 4 and 92450624?
4
Calculate the greatest common factor of 72 and 4129224.
24
Calculate the highest common factor of 4060942 and 8.
2
What is the highest common factor of 932 and 779413892?
932
What is the greatest common factor of 697 and 19161596?
41
Calculate the highest common divisor of 36180 and 2125980.
540
Calculate the highest common factor of 16835 and 318422.
481
What is the greatest common divisor of 8472 and 3260661?
1059
Calculate the highest common divisor of 335243 and 306478.
523
What is the greatest common divisor of 4537067 and 3181339?
7703
What is the greatest common factor of 210 and 56879025?
105
What is the highest common factor of 154401 and 284583?
39
What is the highest common factor of 2392 and 2672554?
46
What is the highest common divisor of 27786847 and 11?
11
Calculate the highest common divisor of 3536379 and 126.
63
Calculate the highest common divisor of 3990096 and 6094.
22
Calculate the highest common divisor of 11352 and 256711032.
1032
Calculate the highest common factor of 705832448 and 1536.
512
What is the greatest common divisor of 8514 and 130419?
387
What is the highest common divisor of 158170899 and 4113?
1371
What is the greatest common factor of 82884450 and 450?
150
Calculate the highest common factor of 17864 and 20735638.
4466
What is the highest common factor of 64606005 and 270?
135
What is the greatest common divisor of 885 and 612735?
15
What is the highest common factor of 28 and 2404850?
14
What is the greatest common factor of 627 and 19333809?
33
Calculate the greatest common divisor of 7616 and 18191292.
476
What is the highest common divisor of 88 and 916289?
11
What is the greatest common factor of 1111653 and 144?
9
Calculate the highest common factor of 8374 and 1371154573.
4187
What is the greatest common divisor of 559281 and 4305?
123
Calculate the greatest common divisor of 1620 and 449940.
60
What is the highest common divisor of 263316724 and 2?
2
Calculate the highest common factor of 510000 and 88125.
1875
What is the greatest common divisor of 47414 and 269726?
314
What is the greatest common factor of 12585581 and 290909?
1159
What is the greatest common factor of 45 and 10266720?
15
Calculate the greatest common divisor of 10062275 and 841.
29
What is the highest common factor of 7256416 and 164?
4
Calculate the greatest common factor of 5926342 and 4069.
313
Calculate the highest common factor of 2496 and 33529392.
624
What is the greatest common factor of 151198 and 1088?
34
What is the greatest common factor of 675779 and 95951?
229
Calculate the highest common divisor of 26411623 and 104609.
1433
Calculate the greatest common divisor of 3095760 and 180.
60
Calculate the highest common divisor of 7063858 and 26375.
211
What is the highest common divisor of 12510 and 88586646?
834
Calculate the greatest common factor of 30807 and 303995.
163
What is the greatest common factor of 833001031 and 24983?
3569
What is the highest common factor of 3964487 and 227456?
1777
Calculate the greatest common factor of 10170 and 25930.
10
What is the greatest common divisor of 22599 and 20266200?
729
What is the greatest common factor of 9 and 5338948?
1
What is the greatest common factor of 1184103 and 10728?
1341
What is the highest common divisor of 26878 and 1794484?
302
Calculate the highest common divisor of 461131929 and 87.
87
What is the greatest common divisor of 13949420 and 40?
20
What is the greatest common factor of 514500 and 12500?
500
What is the greatest common divisor of 4061 and 46656829?
4061
What is the greatest common factor of 6739 and 4597463?
293
Calculate the greatest common divisor of 27925 and 26225.
25
Calculate the highest common divisor of 18192249 and 27.
27
Calculate the greatest common factor of 272967376 and 528.
176
What is the highest common divisor of 1036 and 70608916?
28
What is the greatest common factor of 11478052 and 133?
19
What is the highest common divisor of 12 and 4296516?
12
What is the greatest common divisor of 340080 and 368?
16
What is the highest common factor of 32350 and 27850?
50
Calculate the greatest common divisor of 143 and 5199557.
11
Calculate the highest common factor of 134189 and 297212.
1109
What is the greatest common divisor of 62488229 and 2909?
2909
Calculate the highest common divisor of 91100976 and 9681.
1383
Calculate the highest common divisor of 5066168 and 56.
8
What is the greatest common divisor of 9966 and 7898484?
66
Calculate the highest common factor of 3873 and 28808665.
1291
What is the greatest common factor of 6890 and 1854320?
130
Calculate the highest common factor of 6472805 and 45.
5
What is the greatest common factor of 18 and 9225120?
6
Calculate the highest common divisor of 10086 and 26845570.
3362
Calc